3))*-6?
9
Let q = -32 + 7. Let p = 36 + q. What is the tens digit of p?
1
Let x = 4 + -4. Let m be x + (6 + 1 - -2). What is the units digit of 0 + -3*(-6)/m?
2
Suppose -153 = -3*x + 5*a + 251, a = 2. What is the units digit of x?
8
Let o(u) = -12*u + 1. What is the units digit of o(-3)?
7
Let r(a) = -a + 2. Suppose -2*b + 57 = -5*b - 4*v, 4*b + 4*v + 72 = 0. What is the tens digit of r(b)?
1
Let g = -4 + 8. Suppose o + g*o = -50. Let w(s) = -s**2 - 10*s + 6. What is the units digit of w(o)?
6
Suppose 2*b = t + 15, 4*b + 0*t + 4*t = 48. Suppose b = 2*l - 13. What is the tens digit of l?
1
Suppose -164 = -7*i + 3*i. What is the tens digit of i?
4
Let m(j) = -2*j - 4. Let w be m(-3). Suppose -t + 6*t + 5*o - 150 = 0, 3*o = w*t - 50. What is the units digit of t?
8
Let k(l) = l**3 - 3*l**2 - 3*l - 2. Suppose 2*a + 0 = 8. Let t be k(a). Let i(v) = v**3 + 2*v**2 - 2*v - 2. What is the tens digit of i(t)?
1
Let g(h) = -h**3 + 8*h**2 + 11*h - 9. Suppose 0 = t - 9. What is the units digit of g(t)?
9
Suppose 2*v - 139 = -3. What is the units digit of v?
8
Let o(i) = 32*i - 3. What is the units digit of o(2)?
1
Let n(y) = y**3 + 3*y**2 - 7*y + 6. What is the tens digit of n(4)?
9
Suppose -5*p = -3*p - 6. Let u = 2 + p. Suppose 50 = -0*a + u*a. What is the units digit of a?
0
Suppose -1302 = 8*r - 22*r. What is the tens digit of r?
9
Let g(h) = 19*h**3 - h**2 - 7*h + 1. Let t(b) = -19*b**3 + b**2 + 6*b - 1. Let a(z) = -6*g(z) - 7*t(z). What is the units digit of a(1)?
9
Suppose 0 = 3*f - 2 + 38. Let x = f - -24. What is the tens digit of x?
1
Let z(x) = -2*x**3 - 2*x**2 + 6*x - 13. Let m(v) = v**3 + v**2 - 3*v + 6. Let h(q) = -9*m(q) - 4*z(q). What is the units digit of h(-3)?
7
Let i(d) be the first derivative of d**2/2 + 12*d - 3. What is the units digit of i(-11)?
1
Suppose -u + 122 - 3 = 0. What is the hundreds digit of u?
1
Let b be -3 + (-2)/6*-3. Let w(m) = -11*m - 2. Let q be w(b). Suppose -5*c + q = 2*s + 3*s, -5*c + 29 = 2*s. What is the units digit of c?
7
Let w = -47 - -72. What is the units digit of w?
5
Suppose 0 = -2*y + 5*y. Suppose -5*z = -3*l - 131, y = -3*z + 4*l - 17 + 89. Suppose 3*r - 2*u = z, 37 - 93 = -3*r - 5*u. What is the units digit of r?
2
Let r(q) be the third derivative of -q**5/60 + 5*q**4/12 + q**3/2 + 4*q**2. What is the units digit of r(8)?
9
Let t(a) = -2 - 4*a - 1 + 3. What is the units digit of t(-1)?
4
Suppose p = 3*p - 20. Suppose 4*y - b - 21 - 165 = 0, 0 = 5*b + p. What is the tens digit of y?
4
Let g(v) = v**2 + v + 2. Let b be g(-3). Let x be (-12)/b*8/(-3). Suppose -x = -2*o - q + 3, 2*q - 9 = o. What is the units digit of o?
1
Let w = 0 + 4. Let o = 6 + w. What is the units digit of o?
0
Let f(g) = 2*g. Let p = -3 - -3. Suppose -4*r + 14 + 6 = p. What is the units digit of f(r)?
0
Suppose -5*l + 42 = -2*g, l - 2*g - 2*g = -6. Suppose 5*y + 2*n = -n + 90, 2*n = -l. What is the tens digit of y?
2
Let u be 16/6 + (-4)/(-12). Suppose 100 = -0*x + 5*x + 5*o, -5*o = -u*x + 100. What is the units digit of x?
5
Let v = -4 + 21. Let f = -9 + v. Suppose -3*t + 25 = -f. What is the units digit of t?
1
Suppose 5*u - 6 = -3*i, -3*u + i - 2*i + 6 = 0. Suppose b - 21 = -2*m, 2*m - 52 = -3*m - 3*b. Let q = m - u. What is the units digit of q?
8
Let t = 6 - -9. Suppose -t = -5*o - 0. Suppose 0*y = -o*n - y + 8, -n - 5*y + 26 = 0. What is the units digit of n?
1
Suppose -3*t + 4*w + 29 = 0, -3*w - 2*w = -4*t + 37. Let g be (-1)/((-1)/(-2)) + 2. Suppose g = f + t - 6. What is the units digit of f?
3
Let b = 33 - 68. Let h = -9 - b. What is the tens digit of h?
2
Let z = -21 + 27. What is the units digit of z?
6
Let i = 1237 + -879. What is the tens digit of i?
5
Let k = -6 - -26. Let h = k + -3. What is the units digit of h?
7
Let t(o) = -o - 5. Suppose 2*j = -h - 29, 1 = 2*j - 3*h + 10. What is the units digit of t(j)?
7
Suppose 3*h - 2*m - 426 = 0, 0 = -7*h + 3*h + 2*m + 568. What is the tens digit of h?
4
Let t = 28 + -16. What is the tens digit of t?
1
Suppose 0 = g - c - 256, -7*c = -2*c - 10. What is the units digit of g?
8
Suppose -2*o + 3 = -19. Let r = 15 - o. What is the units digit of r?
4
Let a(m) = -m**2 - 8*m + 2. Let i be a(-6). What is the units digit of ((-3)/(-1) - 2)*i?
4
Suppose 0 = 4*g - 7 - 101. What is the tens digit of g?
2
Suppose -26 = -3*b - h, -2*b - 2 = -4*h + 4. Let w(p) = 2*p**3 - p**2 - 3*p**3 + b*p + 6*p**2. What is the units digit of w(6)?
6
Suppose 44 - 148 = -4*f. What is the tens digit of f?
2
Let j(w) = 6*w**2 - 6*w - 4. Let b be j(-5). Suppose 0 = -5*m - 1 + b. What is the tens digit of m?
3
Let u(p) = -p**3 - 5*p**2 + 3*p - 1. Let g be u(-6). Let y = 6 + g. What is the tens digit of y?
2
Let u(w) = -17*w - 5. Let n be u(-6). Let c = 157 - n. What is the units digit of c?
0
Let s = 7 - 13. Let k be ((-2)/s)/(1/3). Let f = k + 0. What is the units digit of f?
1
Suppose 2*p = 4*p - 30. Suppose 21 + p = 4*r + 2*f, 2*r - 5*f - 18 = 0. What is the units digit of r?
9
Let i(j) = j**2 - 3*j - j**3 + 2*j - 5*j**2 - 2. What is the units digit of i(-4)?
2
Let s be 3 - 12/4 - -32. Suppose 0*z - s = -2*z. What is the units digit of z?
6
Let c(k) = 16*k**2 - 2*k - 1. Let i = 8 + -9. What is the units digit of c(i)?
7
Let y(p) = 3 - 11 + 0 + 7 + 15*p. What is the tens digit of y(1)?
1
Let w(a) = 3*a - 8. Let p be w(3). Suppose 0 = 3*j - 2*j. What is the units digit of p*(1 + j)*5?
5
Let f = 130 + 14. Suppose -w - 4*u + 23 = 0, -5*u + 1 = 5*w - f. What is the units digit of w?
1
Suppose 5*m = 4*m - 1. Let h be 1 + m + (0 - 0). Suppose 3*y - y - 4 = h. What is the units digit of y?
2
Suppose 5*j + 110 = 3*p - p, p - 5*j = 50. What is the tens digit of p?
6
Let t be 64/3 - 2/6. Let b = 31 - t. Suppose b = 2*g + p - 3*p, -15 = -3*g - 4*p. What is the units digit of g?
5
Let p = 0 - 1. What is the tens digit of -23*1*(0 + p)?
2
Let x(a) = 16*a - 12. What is the units digit of x(6)?
4
Let w be 1*4*(-4 - -3). Let z = 9 + w. What is the units digit of z?
5
Let d = -4 + 8. Let p(m) = 8*m - m**2 - m - 6 + 0*m**2. What is the units digit of p(d)?
6
Let d(c) = c**2 - 6*c - 8. Let t = -1 - -5. Let f be t/2 + 2*3. What is the units digit of d(f)?
8
Let s(i) = 2*i**2 + 10*i - 4. What is the units digit of s(-9)?
8
Let y = 1 - 4. Let k = y - -7. What is the units digit of k?
4
Suppose -2*j + 299 = -65. What is the tens digit of j?
8
What is the hundreds digit of (-8)/(-20) - 743/(-5)?
1
Let w = -79 + 143. What is the units digit of w?
4
Let s be -12*(3 - 20/6). Suppose -5*o = -o + 12, -2*o = 3*x - 9. Let r = x - s. What is the units digit of r?
1
Let r be 32/(-6) + 4/(-6). Let t(i) = i**2 + 7*i + 3. Let d be t(r). What is the units digit of ((-14)/(-6))/((-1)/d)?
7
What is the units digit of 4*(-4)/((-16)/6)?
6
Let q be (-2)/(-2) + 4/(-4). Let t be 0 + q*(3 - 2). Suppose -w - 1 + 3 = t. What is the units digit of w?
2
Let h(j) be the second derivative of j**3/6 + 2*j**2 - j. Suppose 0 = -5*a - 2*i, -a - 5*i = 2*a. What is the units digit of h(a)?
4
Let k(u) = u**3 - u**2 + 10. What is the hundreds digit of k(5)?
1
Suppose -12*p - 312 = -16*p. What is the units digit of p?
8
Suppose 5*k + 4*z - 48 = 3*k, -z - 153 = -5*k. What is the units digit of k?
0
Let b be -4 + 8 - 0 - -5. Let s = -6 - -2. Let w = b - s. What is the units digit of w?
3
Suppose 3*l + 3*a = 3, -5*a - 2 = 3*l - 3*a. Let c(w) = 2*w**2 + 7*w + 6. What is the units digit of c(l)?
0
What is the tens digit of ((-2)/(-4))/((-13)/(-5356))?
0
Let f(o) = o**3 + 7*o**2 - 7*o - 1. Let k be f(-8). Let h(p) be the second derivative of -p**5/20 - 3*p**4/4 + p**2 + 2*p. What is the units digit of h(k)?
2
Suppose 0 = -5*g + 3*o + 4, -4*o + 5 = -2*g + 1. Suppose g*i - 44 + 16 = 0. Suppose -2*v - i = -4*v. What is the units digit of v?
7
Let t be 1*12*(-3)/(-9). Suppose -t*g + 2*a - 12 + 54 = 0, 5*a - 64 = -3*g. What is the units digit of g?
3
Let r = 28 + -12. Let w be (r/(-20))/(2/(-5)). Suppose 1 = -w*s + 3. What is the units digit of s?
1
Suppose 5*r + 2 = -4*c, 4*c - 2*r - 8 = 2*c. Let v = c - -11. What is the tens digit of v?
1
Let z(g) = -g**2 + 15*g - 11. Let a be z(14). Suppose u = a*u - 26. What is the tens digit of u?
1
Suppose -2*a + 21 = -5*a. Let s = -4 - a. What is the units digit of s?
3
Let y = 1 + 1. Suppose -2*v + 2 + 8 = 3*u, u + 10 = 2*v. Supp